{"id":13500,"date":"2025-08-13T15:05:46","date_gmt":"2025-08-13T13:05:46","guid":{"rendered":"https:\/\/www.seniorenakademie.dhbw-heidenheim.de\/?page_id=13500"},"modified":"2025-08-13T15:05:46","modified_gmt":"2025-08-13T13:05:46","slug":"vor-125-jahren-ein-musiker-blickt-zurueck-auf-das-jahr-1900","status":"publish","type":"page","link":"https:\/\/www.seniorenakademie.dhbw-heidenheim.de\/index.php\/semesterprogramm-2025-2026\/veranstaltungen-25-26\/vor-125-jahren-ein-musiker-blickt-zurueck-auf-das-jahr-1900\/","title":{"rendered":"Vor 125 Jahren \u2013 ein Musiker blickt zur\u00fcck auf das Jahr 1900"},"content":{"rendered":"\n<p class=\"wp-block-paragraph\">Welche \u00fcber das Allt\u00e4gliche hinausreichenden aktuellen Ereignisse bewegten im Jahr 1900 die Zeitungsleser, vor allem wenn sie Musiker oder regelm\u00e4\u00dfige Konzertbesucher waren? Welche damals lebende Komponisten und welche ihrer um 1900 entstandenen Musikst\u00fccke erschienen auch schon aus damaliger Sicht besonders bemerkenswert?<\/p>\n\n\n\n<p class=\"wp-block-paragraph\">Nach einem gerafften Querschnitt \u00fcber die Situation des Jahres 1900 in puncto Politik, Erfindungen und Technik, Wissenschaft und Forschung, Literatur und Theater, Bildende Kunst und Film fokussiert der Referent seinen Blick zun\u00e4chst auf mehrere musikalische Highlights, bevor er drei Komponisten mit ganz besonders eigenwilligem Profil in den Blick nimmt: den Franzosen Claude Debussy, den Russen Alexander Skriabin und den \u00d6sterreicher Gustav Mahler. Alle drei schufen Werke, die damals wegen ihrer Neuartigkeit f\u00fcr viel Aufregung sorgten und auch heute noch nicht \u00fcberall auf Zuneigung sto\u00dfen, was sie \u2013 jedenfalls f\u00fcr den Referenten \u2013 umso interessanter macht. Mit Klang- und Notenbeispielen m\u00f6chte er sie den Zuh\u00f6rern bekannt machen und n\u00e4herbringen.<\/p>\n","protected":false},"excerpt":{"rendered":"<p>Welche \u00fcber das Allt\u00e4gliche hinausreichenden aktuellen Ereignisse bewegten im Jahr 1900 die Zeitungsleser, vor allem wenn sie Musiker oder regelm\u00e4\u00dfige Konzertbesucher waren? Welche damals lebende Komponisten und welche ihrer um 1900 entstandenen Musikst\u00fccke erschienen auch schon aus damaliger Sicht besonders bemerkenswert? Nach einem gerafften Querschnitt \u00fcber die Situation des Jahres 1900 in puncto Politik, Erfindungen <a class=\"more-link\" href=\"https:\/\/www.seniorenakademie.dhbw-heidenheim.de\/index.php\/semesterprogramm-2025-2026\/veranstaltungen-25-26\/vor-125-jahren-ein-musiker-blickt-zurueck-auf-das-jahr-1900\/\">weiterlesen&#8230;<\/a><\/p>\n","protected":false},"author":10,"featured_media":0,"parent":12007,"menu_order":0,"comment_status":"closed","ping_status":"closed","template":"","meta":{"_crdt_document":"","_themeisle_gutenberg_block_has_review":false,"footnotes":""},"class_list":["post-13500","page","type-page","status-publish","hentry","gallery-content-unit"],"_links":{"self":[{"href":"https:\/\/www.seniorenakademie.dhbw-heidenheim.de\/index.php\/wp-json\/wp\/v2\/pages\/13500","targetHints":{"allow":["GET"]}}],"collection":[{"href":"https:\/\/www.seniorenakademie.dhbw-heidenheim.de\/index.php\/wp-json\/wp\/v2\/pages"}],"about":[{"href":"https:\/\/www.seniorenakademie.dhbw-heidenheim.de\/index.php\/wp-json\/wp\/v2\/types\/page"}],"author":[{"embeddable":true,"href":"https:\/\/www.seniorenakademie.dhbw-heidenheim.de\/index.php\/wp-json\/wp\/v2\/users\/10"}],"replies":[{"embeddable":true,"href":"https:\/\/www.seniorenakademie.dhbw-heidenheim.de\/index.php\/wp-json\/wp\/v2\/comments?post=13500"}],"version-history":[{"count":1,"href":"https:\/\/www.seniorenakademie.dhbw-heidenheim.de\/index.php\/wp-json\/wp\/v2\/pages\/13500\/revisions"}],"predecessor-version":[{"id":13501,"href":"https:\/\/www.seniorenakademie.dhbw-heidenheim.de\/index.php\/wp-json\/wp\/v2\/pages\/13500\/revisions\/13501"}],"up":[{"embeddable":true,"href":"https:\/\/www.seniorenakademie.dhbw-heidenheim.de\/index.php\/wp-json\/wp\/v2\/pages\/12007"}],"wp:attachment":[{"href":"https:\/\/www.seniorenakademie.dhbw-heidenheim.de\/index.php\/wp-json\/wp\/v2\/media?parent=13500"}],"curies":[{"name":"wp","href":"https:\/\/api.w.org\/{rel}","templated":true}]}}