{"id":13078,"date":"2025-06-23T11:15:41","date_gmt":"2025-06-23T09:15:41","guid":{"rendered":"https:\/\/www.seniorenakademie.dhbw-heidenheim.de\/?page_id=13078"},"modified":"2025-06-23T11:15:41","modified_gmt":"2025-06-23T09:15:41","slug":"leben-und-werk-der-fanny-wright","status":"publish","type":"page","link":"https:\/\/www.seniorenakademie.dhbw-heidenheim.de\/index.php\/semesterprogramm-2025-2026\/veranstaltungen-25-26\/leben-und-werk-der-fanny-wright\/","title":{"rendered":"Leben und Werk der Fanny Wright"},"content":{"rendered":"\n<p class=\"wp-block-paragraph\">Fanny Wright (1795-1852), die \u201erote Het\u00e4re der Freiheit\u201c, war eine schottisch-amerikanische Abenteurerin, Publizistin, Rednerin, Freidenkerin, Feministin, Abolitionistin die Sklaven befreite, Fr\u00fchsozialistin und Sozialreformerin, epikureische Philosophin, radikale Aufkl\u00e4rerin, K\u00e4mpferin f\u00fcr freie Sexualit\u00e4t und Emanzipation. Vor rund 200 Jahren war sie die erste Frau in den USA, die in \u00f6ffentlichen Veranstaltungen vor einem gemischtgeschlechtlichen Publikum sprach. Sie k\u00e4mpfte f\u00fcr Geburtenkontrolle, Recht auf Scheidung und Eigentumsrechte f\u00fcr Frauen. Ihre Vortr\u00e4ge zogen Tausende an.<\/p>\n\n\n\n<div class=\"wp-block-media-text is-stacked-on-mobile\" style=\"grid-template-columns:33% auto\"><figure class=\"wp-block-media-text__media\"><img loading=\"lazy\" decoding=\"async\" width=\"334\" height=\"467\" src=\"https:\/\/www.seniorenakademie.dhbw-heidenheim.de\/wp-content\/uploads\/2025\/06\/Fanny.png\" alt=\"Buchtitel: Heiner Jestrabek: Fanny Wright (1795-1852) rebellische Philosophin, rote Het\u00e4re der Freiheit im Garten Epikurs\nBuch-Neuerscheinung: Reutlingen 2025\" class=\"wp-image-13079 size-full\" srcset=\"https:\/\/www.seniorenakademie.dhbw-heidenheim.de\/wp-content\/uploads\/2025\/06\/Fanny.png 334w, https:\/\/www.seniorenakademie.dhbw-heidenheim.de\/wp-content\/uploads\/2025\/06\/Fanny-215x300.png 215w\" sizes=\"auto, (max-width: 334px) 100vw, 334px\" \/><\/figure><div class=\"wp-block-media-text__content\">\n<p class=\"wp-block-paragraph\">Wright (1795-1852) rebellische Philosophin, rote Het\u00e4re der Freiheit im Garten Epikurs<br>Buch-Neuerscheinung: Reutlingen 2025<\/p>\n<\/div><\/div>\n","protected":false},"excerpt":{"rendered":"<p>Fanny Wright (1795-1852), die \u201erote Het\u00e4re der Freiheit\u201c, war eine schottisch-amerikanische Abenteurerin, Publizistin, Rednerin, Freidenkerin, Feministin, Abolitionistin die Sklaven befreite, Fr\u00fchsozialistin und Sozialreformerin, epikureische Philosophin, radikale Aufkl\u00e4rerin, K\u00e4mpferin f\u00fcr freie Sexualit\u00e4t und Emanzipation. Vor rund 200 Jahren war sie die erste Frau in den USA, die in \u00f6ffentlichen Veranstaltungen vor einem gemischtgeschlechtlichen Publikum sprach. Sie <a class=\"more-link\" href=\"https:\/\/www.seniorenakademie.dhbw-heidenheim.de\/index.php\/semesterprogramm-2025-2026\/veranstaltungen-25-26\/leben-und-werk-der-fanny-wright\/\">weiterlesen&#8230;<\/a><\/p>\n","protected":false},"author":10,"featured_media":0,"parent":12007,"menu_order":0,"comment_status":"closed","ping_status":"closed","template":"","meta":{"_crdt_document":"","_themeisle_gutenberg_block_has_review":false,"footnotes":""},"class_list":["post-13078","page","type-page","status-publish","hentry","gallery-content-unit"],"_links":{"self":[{"href":"https:\/\/www.seniorenakademie.dhbw-heidenheim.de\/index.php\/wp-json\/wp\/v2\/pages\/13078","targetHints":{"allow":["GET"]}}],"collection":[{"href":"https:\/\/www.seniorenakademie.dhbw-heidenheim.de\/index.php\/wp-json\/wp\/v2\/pages"}],"about":[{"href":"https:\/\/www.seniorenakademie.dhbw-heidenheim.de\/index.php\/wp-json\/wp\/v2\/types\/page"}],"author":[{"embeddable":true,"href":"https:\/\/www.seniorenakademie.dhbw-heidenheim.de\/index.php\/wp-json\/wp\/v2\/users\/10"}],"replies":[{"embeddable":true,"href":"https:\/\/www.seniorenakademie.dhbw-heidenheim.de\/index.php\/wp-json\/wp\/v2\/comments?post=13078"}],"version-history":[{"count":1,"href":"https:\/\/www.seniorenakademie.dhbw-heidenheim.de\/index.php\/wp-json\/wp\/v2\/pages\/13078\/revisions"}],"predecessor-version":[{"id":13080,"href":"https:\/\/www.seniorenakademie.dhbw-heidenheim.de\/index.php\/wp-json\/wp\/v2\/pages\/13078\/revisions\/13080"}],"up":[{"embeddable":true,"href":"https:\/\/www.seniorenakademie.dhbw-heidenheim.de\/index.php\/wp-json\/wp\/v2\/pages\/12007"}],"wp:attachment":[{"href":"https:\/\/www.seniorenakademie.dhbw-heidenheim.de\/index.php\/wp-json\/wp\/v2\/media?parent=13078"}],"curies":[{"name":"wp","href":"https:\/\/api.w.org\/{rel}","templated":true}]}}