{"id":13058,"date":"2025-06-23T09:48:11","date_gmt":"2025-06-23T07:48:11","guid":{"rendered":"https:\/\/www.seniorenakademie.dhbw-heidenheim.de\/?page_id=13058"},"modified":"2025-10-20T10:39:07","modified_gmt":"2025-10-20T08:39:07","slug":"ukulele-kurs-fuer-anfaenger","status":"publish","type":"page","link":"https:\/\/www.seniorenakademie.dhbw-heidenheim.de\/index.php\/semesterprogramm-2025-2026\/und-ausserdem-25-26\/ukulele-kurs-fuer-anfaenger\/","title":{"rendered":"Ukulele-Kurs f\u00fcr Anf\u00e4nger"},"content":{"rendered":"\n<!--more-->\n\n\n\n<p class=\"wp-block-paragraph\">Gelernt werden zun\u00e4chst Akkordgriffe und etwas sp\u00e4ter Einzelt\u00f6ne.<\/p>\n\n\n\n<p class=\"wp-block-paragraph\">Ukulele l\u00e4sst sich erstaunlich leicht lernen. Innerhalb k\u00fcrzester Zeit k\u00f6nnen wir unsere gesungenen Lieder begleiten. Rechtzeitig werden auch einige Weihnachtslieder einstudiert.<\/p>\n\n\n\n<p class=\"wp-block-paragraph\"><strong>WICHTIGE INFORMATION: Die Ukulele wird im Kurs analog den mittleren 4 Gitarrensaiten und nicht klassisch \u201ehawaiianisch\u201c gestimmt. Die Akkordgriffe sind so leichter zu lernen.<\/strong><\/p>\n\n\n\n<p class=\"wp-block-paragraph\">Entsprechende Grifftabelle, Noten- und Liedbl\u00e4tter werden zur Verf\u00fcgung gestellt.<\/p>\n\n\n\n<p class=\"wp-block-paragraph\">Termine:<\/p>\n\n\n\n<p class=\"wp-block-paragraph\">Mittwochs 16.00-16.45 Uhr, 3 x im Monat (ab 15. Oktober 2025 bis M\u00e4rz 2026),<strong> Raum 108<\/strong><\/p>\n","protected":false},"excerpt":{"rendered":"","protected":false},"author":10,"featured_media":214,"parent":10758,"menu_order":0,"comment_status":"closed","ping_status":"closed","template":"","meta":{"_crdt_document":"","_themeisle_gutenberg_block_has_review":false,"footnotes":""},"class_list":["post-13058","page","type-page","status-publish","has-post-thumbnail","hentry","gallery-content-unit"],"_links":{"self":[{"href":"https:\/\/www.seniorenakademie.dhbw-heidenheim.de\/index.php\/wp-json\/wp\/v2\/pages\/13058","targetHints":{"allow":["GET"]}}],"collection":[{"href":"https:\/\/www.seniorenakademie.dhbw-heidenheim.de\/index.php\/wp-json\/wp\/v2\/pages"}],"about":[{"href":"https:\/\/www.seniorenakademie.dhbw-heidenheim.de\/index.php\/wp-json\/wp\/v2\/types\/page"}],"author":[{"embeddable":true,"href":"https:\/\/www.seniorenakademie.dhbw-heidenheim.de\/index.php\/wp-json\/wp\/v2\/users\/10"}],"replies":[{"embeddable":true,"href":"https:\/\/www.seniorenakademie.dhbw-heidenheim.de\/index.php\/wp-json\/wp\/v2\/comments?post=13058"}],"version-history":[{"count":12,"href":"https:\/\/www.seniorenakademie.dhbw-heidenheim.de\/index.php\/wp-json\/wp\/v2\/pages\/13058\/revisions"}],"predecessor-version":[{"id":13756,"href":"https:\/\/www.seniorenakademie.dhbw-heidenheim.de\/index.php\/wp-json\/wp\/v2\/pages\/13058\/revisions\/13756"}],"up":[{"embeddable":true,"href":"https:\/\/www.seniorenakademie.dhbw-heidenheim.de\/index.php\/wp-json\/wp\/v2\/pages\/10758"}],"wp:featuredmedia":[{"embeddable":true,"href":"https:\/\/www.seniorenakademie.dhbw-heidenheim.de\/index.php\/wp-json\/wp\/v2\/media\/214"}],"wp:attachment":[{"href":"https:\/\/www.seniorenakademie.dhbw-heidenheim.de\/index.php\/wp-json\/wp\/v2\/media?parent=13058"}],"curies":[{"name":"wp","href":"https:\/\/api.w.org\/{rel}","templated":true}]}}