{"id":12398,"date":"2024-08-11T10:40:05","date_gmt":"2024-08-11T08:40:05","guid":{"rendered":"https:\/\/www.seniorenakademie.dhbw-heidenheim.de\/?page_id=12398"},"modified":"2026-03-11T10:54:10","modified_gmt":"2026-03-11T09:54:10","slug":"kulturfahrt-nach-munchen-museum-brandhorst","status":"publish","type":"page","link":"https:\/\/www.seniorenakademie.dhbw-heidenheim.de\/index.php\/semesterprogramm-2025-2026\/unterwegs-2025-26\/kulturfahrt-nach-munchen-museum-brandhorst\/","title":{"rendered":"Kulturfahrt nach M\u00fcnchen: Museum Brandhorst"},"content":{"rendered":"\n<p class=\"has-text-color has-link-color wp-elements-7d2c080ba12579f7a500d867d12490e5 wp-block-paragraph\" style=\"color:#da0404\">Da sich nach unserer Erinnerungsmail die Anmeldezahl nur geringf\u00fcgig erh\u00f6ht hat, ist eine Durchf\u00fchrung der <strong>Kulturfahrt nach M\u00fcnchen<\/strong> in das <strong>Museum Brandhorst<\/strong> <strong>am Mittwoch, 06. Mai 2026<\/strong>, nicht m\u00f6glich.<\/p>\n\n\n\n<p class=\"has-text-color has-link-color wp-elements-6af1060b494a99b046e122ab83809538 wp-block-paragraph\" style=\"color:#bf0404\">Die Veranstaltung zur&nbsp;<strong>Einf\u00fchrung zum Museumsbesuch Brandhorst (M\u00fcnchen) von Herrn Reinhard Ehrtmann<\/strong> <strong>am&nbsp;Dienstag, 17. M\u00e4rz 2026,&nbsp;<\/strong>15:00 bis 16:30 Uhr im&nbsp;<strong>Raum M207, findet deshalb auch nicht statt<\/strong>.<\/p>\n\n\n\n<p class=\"wp-block-paragraph\"><strong>Das vorl\u00e4ufige Programm am Mittwoch 6. Mai 2026<\/strong> w\u00e4re gewesen<strong>:<\/strong><\/p>\n\n\n\n<p class=\"wp-block-paragraph\"><strong>8:00 Uhr&nbsp;&nbsp;&nbsp;&nbsp;&nbsp;&nbsp;&nbsp;&nbsp;&nbsp; Abfahrt in Heidenheimm auf dem Festplatz<\/strong><br><br><strong>F\u00fchrung Museum Brandhorst<\/strong>&nbsp;von 11 bis 12:30<br>Danach \u201eFreizeit\u201c in der Umgebung z.b. T\u00fcrkenstra\u00dfe Traditonskneipe <strong>Alter Simpel<\/strong> <strong>oder \u00c4hnliches<\/strong> um sich zu st\u00e4rken und erholen.&nbsp;<br><strong>Fahrt ins Glockenbachviertel.<\/strong> Sich im Glockenbachviertet umschauen, Jugendstilarchitektur.<\/p>\n\n\n\n<div class=\"wp-block-media-text is-stacked-on-mobile\" style=\"grid-template-columns:37% auto\"><figure class=\"wp-block-media-text__media\"><img loading=\"lazy\" decoding=\"async\" width=\"960\" height=\"667\" src=\"https:\/\/www.seniorenakademie.dhbw-heidenheim.de\/wp-content\/uploads\/2025\/11\/Alter_Suedfriedhof-1.jpg\" alt=\"\" class=\"wp-image-13790 size-full\" srcset=\"https:\/\/www.seniorenakademie.dhbw-heidenheim.de\/wp-content\/uploads\/2025\/11\/Alter_Suedfriedhof-1.jpg 960w, https:\/\/www.seniorenakademie.dhbw-heidenheim.de\/wp-content\/uploads\/2025\/11\/Alter_Suedfriedhof-1-300x208.jpg 300w, https:\/\/www.seniorenakademie.dhbw-heidenheim.de\/wp-content\/uploads\/2025\/11\/Alter_Suedfriedhof-1-768x534.jpg 768w\" sizes=\"auto, (max-width: 960px) 100vw, 960px\" \/><\/figure><div class=\"wp-block-media-text__content\">\n<p class=\"wp-block-paragraph\"><strong>Ca&nbsp;15:00 bis 16:30&nbsp;<\/strong> F\u00fchrung \u00fcber den S\u00fcdlichen Friedhof, einem verwunschenen Ort mitten in der Stadt. Der Friedhof beherbergt Grabstellen bekannter und ber\u00fchmter Pers\u00f6nlichkeiten des 19. Jhs.<\/p>\n<\/div><\/div>\n\n\n\n<div class=\"wp-block-media-text is-stacked-on-mobile\" style=\"grid-template-columns:37% auto\"><figure class=\"wp-block-media-text__media\"><img loading=\"lazy\" decoding=\"async\" width=\"1024\" height=\"726\" src=\"https:\/\/www.seniorenakademie.dhbw-heidenheim.de\/wp-content\/uploads\/2025\/11\/Asam-Schloessl_8547-1024x726.jpg\" alt=\"\" class=\"wp-image-13791 size-full\" srcset=\"https:\/\/www.seniorenakademie.dhbw-heidenheim.de\/wp-content\/uploads\/2025\/11\/Asam-Schloessl_8547-1024x726.jpg 1024w, https:\/\/www.seniorenakademie.dhbw-heidenheim.de\/wp-content\/uploads\/2025\/11\/Asam-Schloessl_8547-300x213.jpg 300w, https:\/\/www.seniorenakademie.dhbw-heidenheim.de\/wp-content\/uploads\/2025\/11\/Asam-Schloessl_8547-768x545.jpg 768w, https:\/\/www.seniorenakademie.dhbw-heidenheim.de\/wp-content\/uploads\/2025\/11\/Asam-Schloessl_8547.jpg 1280w\" sizes=\"auto, (max-width: 1024px) 100vw, 1024px\" \/><\/figure><div class=\"wp-block-media-text__content\">\n<p class=\"wp-block-paragraph\"><strong>Gegen 17:30 Uhr&nbsp;Essen im Asamschl\u00f6ssl in Thalkirchen.<\/strong> Das Asamschl\u00f6ssl ist das Wohnhaus des ber\u00fchmten Barockbaumeisters und Malers Cosmas Damian Asam der sich das Haus vor den Toren M\u00fcnchens erbauen lie\u00df.<\/p>\n<\/div><\/div>\n\n\n\n<p class=\"wp-block-paragraph\">21:00 Uhr&nbsp;&nbsp;&nbsp;&nbsp;&nbsp;&nbsp;&nbsp; geplante R\u00fcckkehr nach Heidenheim<\/p>\n\n\n\n<p class=\"wp-block-paragraph\"><strong>Teilnahmepreis: 55 \u20ac f\u00fcr Mitglieder (Semesterbeitrag bezahlt), 75 \u20ac f\u00fcr G\u00e4ste.<br>Hierin enthalten: Busfahrt, F\u00fchrungen.<\/strong><br><\/p>\n\n\n\n<p class=\"wp-block-paragraph\"><strong>Anmeldungen per Email an <\/strong>&nbsp;&nbsp; &nbsp;&nbsp;&nbsp;&nbsp;&nbsp;&nbsp;&nbsp;&nbsp;&nbsp;&nbsp;&nbsp;<a href=\"mailto:ehrtmann@t-online.de\">ehrtmann@t-online.de<\/a> &nbsp;&nbsp;&nbsp;&nbsp;&nbsp;&nbsp;&nbsp;&nbsp;<br>Sie erhalten eine Anmeldebest\u00e4tigung.<\/p>\n\n\n\n<p class=\"wp-block-paragraph\"><strong><em>Die Bezahlung erfolgt erst im M\u00e4rz 2026 nach Aufforderung.<\/em><\/strong><\/p>\n\n\n\n<p class=\"wp-block-paragraph\"><\/p>\n","protected":false},"excerpt":{"rendered":"<p>Da sich nach unserer Erinnerungsmail die Anmeldezahl nur geringf\u00fcgig erh\u00f6ht hat, ist eine Durchf\u00fchrung der Kulturfahrt nach M\u00fcnchen in das Museum Brandhorst am Mittwoch, 06. Mai 2026, nicht m\u00f6glich. Die Veranstaltung zur&nbsp;Einf\u00fchrung zum Museumsbesuch Brandhorst (M\u00fcnchen) von Herrn Reinhard Ehrtmann am&nbsp;Dienstag, 17. M\u00e4rz 2026,&nbsp;15:00 bis 16:30 Uhr im&nbsp;Raum M207, findet deshalb auch nicht statt. Das <a class=\"more-link\" href=\"https:\/\/www.seniorenakademie.dhbw-heidenheim.de\/index.php\/semesterprogramm-2025-2026\/unterwegs-2025-26\/kulturfahrt-nach-munchen-museum-brandhorst\/\">weiterlesen&#8230;<\/a><\/p>\n","protected":false},"author":10,"featured_media":0,"parent":7453,"menu_order":0,"comment_status":"closed","ping_status":"closed","template":"","meta":{"_crdt_document":"","_themeisle_gutenberg_block_has_review":false,"footnotes":""},"class_list":["post-12398","page","type-page","status-publish","hentry","gallery-content-unit"],"_links":{"self":[{"href":"https:\/\/www.seniorenakademie.dhbw-heidenheim.de\/index.php\/wp-json\/wp\/v2\/pages\/12398","targetHints":{"allow":["GET"]}}],"collection":[{"href":"https:\/\/www.seniorenakademie.dhbw-heidenheim.de\/index.php\/wp-json\/wp\/v2\/pages"}],"about":[{"href":"https:\/\/www.seniorenakademie.dhbw-heidenheim.de\/index.php\/wp-json\/wp\/v2\/types\/page"}],"author":[{"embeddable":true,"href":"https:\/\/www.seniorenakademie.dhbw-heidenheim.de\/index.php\/wp-json\/wp\/v2\/users\/10"}],"replies":[{"embeddable":true,"href":"https:\/\/www.seniorenakademie.dhbw-heidenheim.de\/index.php\/wp-json\/wp\/v2\/comments?post=12398"}],"version-history":[{"count":9,"href":"https:\/\/www.seniorenakademie.dhbw-heidenheim.de\/index.php\/wp-json\/wp\/v2\/pages\/12398\/revisions"}],"predecessor-version":[{"id":14048,"href":"https:\/\/www.seniorenakademie.dhbw-heidenheim.de\/index.php\/wp-json\/wp\/v2\/pages\/12398\/revisions\/14048"}],"up":[{"embeddable":true,"href":"https:\/\/www.seniorenakademie.dhbw-heidenheim.de\/index.php\/wp-json\/wp\/v2\/pages\/7453"}],"wp:attachment":[{"href":"https:\/\/www.seniorenakademie.dhbw-heidenheim.de\/index.php\/wp-json\/wp\/v2\/media?parent=12398"}],"curies":[{"name":"wp","href":"https:\/\/api.w.org\/{rel}","templated":true}]}}