{"id":10758,"date":"2023-04-28T16:04:10","date_gmt":"2023-04-28T14:04:10","guid":{"rendered":"https:\/\/www.seniorenakademie.dhbw-heidenheim.de\/?page_id=10758"},"modified":"2026-05-11T11:15:04","modified_gmt":"2026-05-11T09:15:04","slug":"und-ausserdem-25-26","status":"publish","type":"page","link":"https:\/\/www.seniorenakademie.dhbw-heidenheim.de\/index.php\/semesterprogramm-2025-2026\/und-ausserdem-25-26\/","title":{"rendered":"\u2026 und au\u00dferdem 25\/26"},"content":{"rendered":"\n<p class=\"has-text-color has-link-color wp-elements-47c06f5a2e2cfd31379b29a1da2ee8e9 wp-block-paragraph\" style=\"color:#f20101\"><strong>Alle weiteren Angebote finden ab Januar in der Marienstra\u00dfe in den jeweils angegebenen R\u00e4umen statt.<\/strong><\/p>\n\n\n\n<p class=\"wp-block-paragraph\"><strong>Durch Klicken auf die markierten \u00dcberschriften erhalten Sie zus\u00e4tzliche Informationen.<\/strong><\/p>\n\n\n\n<p class=\"has-black-color has-text-color has-link-color wp-elements-c822fbdeb01e8f5dd75b3f244299df8b wp-block-paragraph\"><strong><a href=\"https:\/\/www.seniorenakademie.dhbw-heidenheim.de\/index.php\/semesterprogramm-2025-2026\/und-ausserdem-25-26\/ukulele-kurs-fuer-anfaenger\/\" data-type=\"page\" data-id=\"13058\">Ukulele f\u00fcr Anf\u00e4nger <\/a><\/strong> <br>Gerhhard Belowitzer<br>Mittwoch, 15. Oktober 2025 &#8211; 25. M\u00e4rz 2026, 16:00 &#8211; 16:45 Uhr, <strong>Raum M207<\/strong><\/p>\n\n\n\n<p class=\"has-black-color has-text-color wp-block-paragraph\"><strong><a href=\"https:\/\/www.seniorenakademie.dhbw-heidenheim.de\/index.php\/semesterprogramm-2025-2026\/und-ausserdem-25-26\/singen-aus-spass\/\" data-type=\"page\" data-id=\"13065\">SINGEN macht SPASS <\/a><\/strong><br>Gerhhard Belowitzer<br>Ab Mittwoch, 15. Oktober 2025, w\u00f6chentlich 17:00 &#8211; 18:00 Uhr, <strong>Raum <strong>M207<\/strong><\/strong><br>Kursgeb\u00fchr f\u00fcr Nichtmitglieder 30,00\u20ac<\/p>\n\n\n\n<p class=\"has-black-color has-text-color wp-block-paragraph\"><strong>LITERATURKREIS <\/strong><br>Dr. Jutta Heymann<br>Mittwoch, 08. Oktober 2025, dann jeden 2. Mittwoch im Monat<br>15:00 bis 16:15 Uhr, <strong>Raum <strong>M207<\/strong><\/strong><\/p>\n\n\n\n<p class=\"has-black-color has-text-color wp-block-paragraph\"><a href=\"https:\/\/www.seniorenakademie.dhbw-heidenheim.de\/index.php\/semesterprogramm-2023-2024\/und-ausserdem-23-24\/tanz-dich-fit\/\"><strong>Tanz dich fit<\/strong><\/a><br>Tri-Chau-Huu<br>Ab Donnerstag 16. Oktober 2025, <strong>1. Termin zum Schnuppern<\/strong> <br>9:30 bis 11:00 Uhr mit Pausen, <strong>14-t\u00e4gig <\/strong>bis 12.03.2026<strong>,<\/strong> Kursgeb\u00fchr 40,00\u20ac (Hallenmiete)<br><strong>Der Tanzkurs wird in Kooperation mit der Tanzsportabteilung des SV Mergelstetten in der Zoeppritzhalle durchgef\u00fchrt.<\/strong><\/p>\n\n\n\n<p class=\"wp-block-paragraph\"><strong><strong><a href=\"https:\/\/www.seniorenakademie.dhbw-heidenheim.de\/index.php\/semesterprogramm-2025-2026\/und-ausserdem-25-26\/willkommen-im-reich-der-geschichten\/\" data-type=\"page\" data-id=\"13068\">Willkommen im Reich der Geschichten<\/a><\/strong><\/strong><br>Traudel Volz <br>Dienstag, ab 11. November 2025 14-t\u00e4gig bis 02. Dezember 2025, <strong>Raum <strong>M207<\/strong><\/strong><br>15:00 &#8211; 16:30 Uhr<\/p>\n\n\n\n<p class=\"has-black-color has-text-color wp-block-paragraph\"><strong><a href=\"https:\/\/www.seniorenakademie.dhbw-heidenheim.de\/index.php\/semesterprogramm-2025-2026\/und-ausserdem-25-26\/gaming-fuer-aeltere-vr-mario-und-co\/\" data-type=\"page\" data-id=\"13155\">Gaming f\u00fcr \u00c4ltere: VR, Mario und Co <\/a><\/strong><br>In Kooperation mit der Stadtbibliothek und dem Medienzentrum des Landkreises Heidenheim<br>Donnerstag, 5. Februar 26, <strong>Anmeldung erforderlich<\/strong><br>10:00 bis 13:00 Uhr,<strong> im Seminarraum der Stadtbibliothek<\/strong><\/p>\n\n\n\n<p class=\"wp-block-paragraph\"><\/p>\n","protected":false},"excerpt":{"rendered":"<p>Alle weiteren Angebote finden ab Januar in der Marienstra\u00dfe in den jeweils angegebenen R\u00e4umen statt. Durch Klicken auf die markierten \u00dcberschriften erhalten Sie zus\u00e4tzliche Informationen. Ukulele f\u00fcr Anf\u00e4nger Gerhhard BelowitzerMittwoch, 15. Oktober 2025 &#8211; 25. M\u00e4rz 2026, 16:00 &#8211; 16:45 Uhr, Raum M207 SINGEN macht SPASS Gerhhard BelowitzerAb Mittwoch, 15. Oktober 2025, w\u00f6chentlich 17:00 &#8211; <a class=\"more-link\" href=\"https:\/\/www.seniorenakademie.dhbw-heidenheim.de\/index.php\/semesterprogramm-2025-2026\/und-ausserdem-25-26\/\">weiterlesen&#8230;<\/a><\/p>\n","protected":false},"author":10,"featured_media":3126,"parent":10633,"menu_order":0,"comment_status":"closed","ping_status":"closed","template":"","meta":{"_crdt_document":"{\"document\":\"AAAG04uPnA18cggqkGeMBgAGAgECCgJCAQFKAIIEAQIKAkIBAEoApAMBAgoCQgECSgC6CgECCgJCAQFKAI4MAQIKAkIBAUoAiAYBAgoCQgEBSgCoEAECCgJCAQBKAIINAQIKArQJ9gkBAUoAmA8BAQgBAUjWD74J9FK+BQW4ugH0UokBKAMnAAQAJwAEAIQAJwAoBCcAKAEnAAcAKAMnAQQAKAMnAIcAKAMnAQQAKAInAIcAKAMnAQQAKAQnAIcAKAMnAQQAKAMnAIcAKAMnAQQAKAMnAIcAKAMnAQQAKAMnAIcAKAMnAQQAKAInAIcAKAMnAQQAhAAoAycAKAGHACgCJwEoAicAqADEAYS4Ops5c3RhdGV2ZXJzaW9uZG9jdW1lbnRkYXRlZG9jdW1lbnRzbHVnZG9jdW1lbnRzdGF0dXNkb2N1bWVudHRpdGxl4oCmIHVuZCBhdcOfZXJkZW0gMjUvMjZkb2N1bWVudGNvbnRlbnQ8IS0tIHdwOnBhcmFncmFwaCB7InN0eWxlIjp7ImNvbG9yIjp7InRleHQiOiIjZjIwMTAxIn0sImVsZW1lbnRzIjp7ImxpbmsiOnsiY29sb3IiOnsidGV4dCI6IiNmMjAxMDEifX19fX0gLS0+CjxwIGNsYXNzPSJoYXMtdGV4dC1jb2xvciBoYXMtbGluay1jb2xvciIgc3R5bGU9ImNvbG9yOiNmMjAxMDEiPjxzdHJvbmc+QWxsZSB3ZWl0ZXJlbiBBbmdlYm90ZSBmaW5kZW4gYWIgSmFudWFyIGluIGRlciBNYXJpZW5zdHJhw59lIGluIGRlbiBqZXdlaWxzIGFuZ2VnZWJlbmVuIFLDpHVtZW4gc3RhdHQuPC9zdHJvbmc+PC9wPgo8IS0tIC93cDpwYXJhZ3JhcGggLS0+Cgo8IS0tIHdwOnBhcmFncmFwaCAtLT4KPHA+PHN0cm9uZz5EdXJjaCBLbGlja2VuIGF1ZiBkaWUgbWFya2llcnRlbiDDnGJlcnNjaHJpZnRlbiBlcmhhbHRlbiBTaWUgenVzw6R0emxpY2hlIEluZm9ybWF0aW9uZW4uPC9zdHJvbmc+PC9wPgo8IS0tIC93cDpwYXJhZ3JhcGggLS0+Cgo8IS0tIHdwOnBhcmFncmFwaCB7InN0eWxlIjp7ImVsZW1lbnRzIjp7ImxpbmsiOnsiY29sb3IiOnsidGV4dCI6InZhcjpwcmVzZXR8Y29sb3J8YmxhY2sifX19fSwidGV4dENvbG9yIjoiYmxhY2sifSAtLT4KPHAgY2xhc3M9Imhhcy1ibGFjay1jb2xvciBoYXMtdGV4dC1jb2xvciBoYXMtbGluay1jb2xvciI+PHN0cm9uZz48YSBocmVmPSJodHRwczovL3d3dy5zZW5pb3JlbmFrYWRlbWllLmRoYnctaGVpZGVuaGVpbS5kZS9pbmRleC5waHAvc2VtZXN0ZXJwcm9ncmFtbS0yMDI1LTIwMjYvdW5kLWF1c3NlcmRlbS0yNS0yNi91a3VsZWxlLWt1cnMtZnVlci1hbmZhZW5nZXIvIiBkYXRhLXR5cGU9InBhZ2UiIGRhdGEtaWQ9IjEzMDU4Ij5Va3VsZWxlIGbDvHIgQW5mw6RuZ2VyIDwvYT48L3N0cm9uZz4gPGJyPkdlcmhoYXJkIEJlbG93aXR6ZXI8YnI+TWl0dHdvY2gsIDE1LiBPa3RvYmVyIDIwMjUgLSAyNS4gTcOkcnogMjAyNiwgMTY6MDAgLSAxNjo0NSBVaHIsIDxzdHJvbmc+UmF1bSBNMjA3PC9zdHJvbmc+PC9wPgo8IS0tIC93cDpwYXJhZ3JhcGggLS0+Cgo8IS0tIHdwOnBhcmFncmFwaCB7InRleHRDb2xvciI6ImJsYWNrIn0gLS0+CjxwIGNsYXNzPSJoYXMtYmxhY2stY29sb3IgaGFzLXRleHQtY29sb3IiPjxzdHJvbmc+PGEgaHJlZj0iaHR0cHM6Ly93d3cuc2VuaW9yZW5ha2FkZW1pZS5kaGJ3LWhlaWRlbmhlaW0uZGUvaW5kZXgucGhwL3NlbWVzdGVycHJvZ3JhbW0tMjAyNS0yMDI2L3VuZC1hdXNzZXJkZW0tMjUtMjYvc2luZ2VuLWF1cy1zcGFzcy8iIGRhdGEtdHlwZT0icGFnZSIgZGF0YS1pZD0iMTMwNjUiPlNJTkdFTiBtYWNodCBTUEFTUyA8L2E+PC9zdHJvbmc+PGJyPkdlcmhoYXJkIEJlbG93aXR6ZXI8YnI+QWIgTWl0dHdvY2gsIDE1LiBPa3RvYmVyIDIwMjUsIHfDtmNoZW50bGljaCAxNzowMCAtIDE4OjAwIFVociwgPHN0cm9uZz5SYXVtIDxzdHJvbmc+TTIwNzwvc3Ryb25nPjwvc3Ryb25nPjxicj5LdXJzZ2Viw7xociBmw7xyIE5pY2h0bWl0Z2xpZWRlciAzMCwwMOKCrDwvcD4KPCEtLSAvd3A6cGFyYWdyYXBoIC0tPgoKPCEtLSB3cDpwYXJhZ3JhcGggeyJ0ZXh0Q29sb3IiOiJibGFjayJ9IC0tPgo8cCBjbGFzcz0iaGFzLWJsYWNrLWNvbG9yIGhhcy10ZXh0LWNvbG9yIj48c3Ryb25nPkxJVEVSQVRVUktSRUlTIDwvc3Ryb25nPjxicj5Eci4gSnV0dGEgSGV5bWFubjxicj5NaXR0d29jaCwgMDguIE9rdG9iZXIgMjAyNSwgZGFubiBqZWRlbiAyLiBNaXR0d29jaCBpbSBNb25hdDxicj4xNTowMCBiaXMgMTY6MTUgVWhyLCA8c3Ryb25nPlJhdW0gPHN0cm9uZz5NMjA3PC9zdHJvbmc+PC9zdHJvbmc+PC9wPgo8IS0tIC93cDpwYXJhZ3JhcGggLS0+Cgo8IS0tIHdwOnBhcmFncmFwaCB7InRleHRDb2xvciI6ImJsYWNrIn0gLS0+CjxwIGNsYXNzPSJoYXMtYmxhY2stY29sb3IgaGFzLXRleHQtY29sb3IiPjxhIGhyZWY9Imh0dHBzOi8vd3d3LnNlbmlvcmVuYWthZGVtaWUuZGhidy1oZWlkZW5oZWltLmRlL2luZGV4LnBocC9zZW1lc3RlcnByb2dyYW1tLTIwMjMtMjAyNC91bmQtYXVzc2VyZGVtLTIzLTI0L3RhbnotZGljaC1maXQvIj48c3Ryb25nPlRhbnogZGljaCBmaXQ8L3N0cm9uZz48L2E+PGJyPlRyaS1DaGF1LUh1dTxicj5BYiBEb25uZXJzdGFnIDE2LiBPa3RvYmVyIDIwMjUsIDxzdHJvbmc+MS4gVGVybWluIHp1bSBTY2hudXBwZXJuPC9zdHJvbmc+IDxicj45OjMwIGJpcyAxMTowMCBVaHIgbWl0IFBhdXNlbiwgPHN0cm9uZz4xNC10w6RnaWcgPC9zdHJvbmc+YmlzIDEyLjAzLjIwMjY8c3Ryb25nPiw8L3N0cm9uZz4gS3Vyc2dlYsO8aHIgNDAsMDDigqwgKEhhbGxlbm1pZXRlKTxicj48c3Ryb25nPkRlciBUYW56a3VycyB3aXJkIGluIEtvb3BlcmF0aW9uIG1pdCBkZXIgVGFuenNwb3J0YWJ0ZWlsdW5nIGRlcyBTViBNZXJnZWxzdGV0dGVuIGluIGRlciBab2VwcHJpdHpoYWxsZSBkdXJjaGdlZsO8aHJ0Ljwvc3Ryb25nPjwvcD4KPCEtLSAvd3A6cGFyYWdyYXBoIC0tPgoKPCEtLSB3cDpwYXJhZ3JhcGggLS0+CjxwPjxzdHJvbmc+PHN0cm9uZz48YSBocmVmPSJodHRwczovL3d3dy5zZW5pb3JlbmFrYWRlbWllLmRoYnctaGVpZGVuaGVpbS5kZS9pbmRleC5waHAvc2VtZXN0ZXJwcm9ncmFtbS0yMDI1LTIwMjYvdW5kLWF1c3NlcmRlbS0yNS0yNi93aWxsa29tbWVuLWltLXJlaWNoLWRlci1nZXNjaGljaHRlbi8iIGRhdGEtdHlwZT0icGFnZSIgZGF0YS1pZD0iMTMwNjgiPldpbGxrb21tZW4gaW0gUmVpY2ggZGVyIEdlc2NoaWNodGVuPC9hPjwvc3Ryb25nPjwvc3Ryb25nPjxicj5UcmF1ZGVsIFZvbHogPGJyPkRpZW5zdGFnLCBhYiAxMS4gTm92ZW1iZXIgMjAyNSAxNC10w6RnaWcgYmlzIDAyLiBEZXplbWJlciAyMDI1LCA8c3Ryb25nPlJhdW0gPHN0cm9uZz5NMjA3PC9zdHJvbmc+PC9zdHJvbmc+PGJyPjE1OjAwIC0gMTY6MzAgVWhyPC9wPgo8IS0tIC93cDpwYXJhZ3JhcGggLS0+Cgo8IS0tIHdwOnBhcmFncmFwaCB7InRleHRDb2xvciI6ImJsYWNrIn0gLS0+CjxwIGNsYXNzPSJoYXMtYmxhY2stY29sb3IgaGFzLXRleHQtY29sb3IiPjxzdHJvbmc+PGEgaHJlZj0iaHR0cHM6Ly93d3cuc2VuaW9yZW5ha2FkZW1pZS5kaGJ3LWhlaWRlbmhlaW0uZGUvaW5kZXgucGhwL3NlbWVzdGVycHJvZ3JhbW0tMjAyNS0yMDI2L3VuZC1hdXNzZXJkZW0tMjUtMjYvZ2FtaW5nLWZ1ZXItYWVsdGVyZS12ci1tYXJpby11bmQtY28vIiBkYXRhLXR5cGU9InBhZ2UiIGRhdGEtaWQ9IjEzMTU1Ij5HYW1pbmcgZsO8ciDDhGx0ZXJlOiBWUiwgTWFyaW8gdW5kIENvIDwvYT48L3N0cm9uZz48YnI+SW4gS29vcGVyYXRpb24gbWl0IGRlciBTdGFkdGJpYmxpb3RoZWsgdW5kIGRlbSBNZWRpZW56ZW50cnVtIGRlcyBMYW5rcmVpc2VzIEhlaWRlbmhlaW08YnI+RG9ubmVyc3RhZywgNS4gRmVicnVhciAyNiwgPHN0cm9uZz5Bbm1lbGR1bmcgZXJmb3JkZXJsaWNoPC9zdHJvbmc+PGJyPjEwOjAwIGJpcyAxMzowMCBVaHIsPHN0cm9uZz4gaW0gU2VtaW5hcnJhdW0gZGVyIFN0YWR0YmlibGlvdGhlazwvc3Ryb25nPjwvcD4KPCEtLSAvd3A6cGFyYWdyYXBoIC0tPmRvY3VtZW50ZXhjZXJwdGRvY3VtZW50YXV0aG9yZG9jdW1lbnRmZWF0dXJlZF9tZWRpYWRvY3VtZW50Y29tbWVudF9zdGF0dXNkb2N1bWVudHBpbmdfc3RhdHVzZG9jdW1lbnR0ZW1wbGF0ZWRvY3VtZW50bWV0YV90aGVtZWlzbGVfZ3V0ZW5iZXJnX2Jsb2NrX2hhc19yZXZpZXdmb290bm90ZXNkb2N1bWVudGJsb2Nrc2NsaWVudElkaXNWYWxpZG9yaWdpbmFsQ29udGVudG5hbWVhdHRyaWJ1dGVzY29udGVudDxzdHJvbmc+QWxsZSB3ZWl0ZXJlbiBBbmdlYm90ZSBmaW5kZW4gYWIgSmFudWFyIGluIGRlciBNYXJpZW5zdHJhw59lIGluIGRlbiBqZXdlaWxzIGFuZ2VnZWJlbmVuIFLDpHVtZW4gc3RhdHQuPC9zdHJvbmc+ZHJvcENhcHN0eWxlaGFzQ3VzdG9tQ1NTb3R0ZXJDb25kaXRpb25zaW5uZXJCbG9ja3NjbGllbnRJZGlzVmFsaWRvcmlnaW5hbENvbnRlbnRuYW1lYXR0cmlidXRlc2NvbnRlbnQ8c3Ryb25nPkR1cmNoIEtsaWNrZW4gYXVmIGRpZSBtYXJraWVydGVuIMOcYmVyc2NocmlmdGVuIGVyaGFsdGVuIFNpZSB6dXPDpHR6bGljaGUgSW5mb3JtYXRpb25lbi48L3N0cm9uZz5kcm9wQ2FwaGFzQ3VzdG9tQ1NTb3R0ZXJDb25kaXRpb25zaW5uZXJCbG9ja3NjbGllbnRJZGlzVmFsaWRvcmlnaW5hbENvbnRlbnRuYW1lYXR0cmlidXRlc2NvbnRlbnQ8c3Ryb25nPjxhIGhyZWY9Imh0dHBzOi8vd3d3LnNlbmlvcmVuYWthZGVtaWUuZGhidy1oZWlkZW5oZWltLmRlL2luZGV4LnBocC9zZW1lc3RlcnByb2dyYW1tLTIwMjUtMjAyNi91bmQtYXVzc2VyZGVtLTI1LTI2L3VrdWxlbGUta3Vycy1mdWVyLWFuZmFlbmdlci8iIGRhdGEtdHlwZT0icGFnZSIgZGF0YS1pZD0iMTMwNTgiPlVrdWxlbGUgZsO8ciBBbmbDpG5nZXIgPC9hPjwvc3Ryb25nPiA8YnI+R2VyaGhhcmQgQmVsb3dpdHplcjxicj5NaXR0d29jaCwgMTUuIE9rdG9iZXIgMjAyNSAtIDI1LiBNw6RyeiAyMDI2LCAxNjowMCAtIDE2OjQ1IFVociwgPHN0cm9uZz5SYXVtIE0yMDc8L3N0cm9uZz5kcm9wQ2Fwc3R5bGV0ZXh0Q29sb3JoYXNDdXN0b21DU1NvdHRlckNvbmRpdGlvbnNpbm5lckJsb2Nrc2NsaWVudElkaXNWYWxpZG9yaWdpbmFsQ29udGVudG5hbWVhdHRyaWJ1dGVzY29udGVudDxzdHJvbmc+PGEgaHJlZj0iaHR0cHM6Ly93d3cuc2VuaW9yZW5ha2FkZW1pZS5kaGJ3LWhlaWRlbmhlaW0uZGUvaW5kZXgucGhwL3NlbWVzdGVycHJvZ3JhbW0tMjAyNS0yMDI2L3VuZC1hdXNzZXJkZW0tMjUtMjYvc2luZ2VuLWF1cy1zcGFzcy8iIGRhdGEtdHlwZT0icGFnZSIgZGF0YS1pZD0iMTMwNjUiPlNJTkdFTiBtYWNodCBTUEFTUyA8L2E+PC9zdHJvbmc+PGJyPkdlcmhoYXJkIEJlbG93aXR6ZXI8YnI+QWIgTWl0dHdvY2gsIDE1LiBPa3RvYmVyIDIwMjUsIHfDtmNoZW50bGljaCAxNzowMCAtIDE4OjAwIFVociwgPHN0cm9uZz5SYXVtIDxzdHJvbmc+TTIwNzwvc3Ryb25nPjwvc3Ryb25nPjxicj5LdXJzZ2Viw7xociBmw7xyIE5pY2h0bWl0Z2xpZWRlciAzMCwwMOKCrGRyb3BDYXB0ZXh0Q29sb3JoYXNDdXN0b21DU1NvdHRlckNvbmRpdGlvbnNpbm5lckJsb2Nrc2NsaWVudElkaXNWYWxpZG9yaWdpbmFsQ29udGVudG5hbWVhdHRyaWJ1dGVzY29udGVudDxzdHJvbmc+TElURVJBVFVSS1JFSVMgPC9zdHJvbmc+PGJyPkRyLiBKdXR0YSBIZXltYW5uPGJyPk1pdHR3b2NoLCAwOC4gT2t0b2JlciAyMDI1LCBkYW5uIGplZGVuIDIuIE1pdHR3b2NoIGltIE1vbmF0PGJyPjE1OjAwIGJpcyAxNjoxNSBVaHIsIDxzdHJvbmc+UmF1bSA8c3Ryb25nPk0yMDc8L3N0cm9uZz48L3N0cm9uZz5kcm9wQ2FwdGV4dENvbG9yaGFzQ3VzdG9tQ1NTb3R0ZXJDb25kaXRpb25zaW5uZXJCbG9ja3NjbGllbnRJZGlzVmFsaWRvcmlnaW5hbENvbnRlbnRuYW1lYXR0cmlidXRlc2NvbnRlbnQ8YSBocmVmPSJodHRwczovL3d3dy5zZW5pb3JlbmFrYWRlbWllLmRoYnctaGVpZGVuaGVpbS5kZS9pbmRleC5waHAvc2VtZXN0ZXJwcm9ncmFtbS0yMDIzLTIwMjQvdW5kLWF1c3NlcmRlbS0yMy0yNC90YW56LWRpY2gtZml0LyI+PHN0cm9uZz5UYW56IGRpY2ggZml0PC9zdHJvbmc+PC9hPjxicj5UcmktQ2hhdS1IdXU8YnI+QWIgRG9ubmVyc3RhZyAxNi4gT2t0b2JlciAyMDI1LCA8c3Ryb25nPjEuIFRlcm1pbiB6dW0gU2NobnVwcGVybjwvc3Ryb25nPiA8YnI+OTozMCBiaXMgMTE6MDAgVWhyIG1pdCBQYXVzZW4sIDxzdHJvbmc+MTQtdMOkZ2lnIDwvc3Ryb25nPmJpcyAxMi4wMy4yMDI2PHN0cm9uZz4sPC9zdHJvbmc+IEt1cnNnZWLDvGhyIDQwLDAw4oKsIChIYWxsZW5taWV0ZSk8YnI+PHN0cm9uZz5EZXIgVGFuemt1cnMgd2lyZCBpbiBLb29wZXJhdGlvbiBtaXQgZGVyIFRhbnpzcG9ydGFidGVpbHVuZyBkZXMgU1YgTWVyZ2Vsc3RldHRlbiBpbiBkZXIgWm9lcHByaXR6aGFsbGUgZHVyY2hnZWbDvGhydC48L3N0cm9uZz5kcm9wQ2FwdGV4dENvbG9yaGFzQ3VzdG9tQ1NTb3R0ZXJDb25kaXRpb25zaW5uZXJCbG9ja3NjbGllbnRJZGlzVmFsaWRvcmlnaW5hbENvbnRlbnRuYW1lYXR0cmlidXRlc2NvbnRlbnQ8c3Ryb25nPjxzdHJvbmc+PGEgaHJlZj0iaHR0cHM6Ly93d3cuc2VuaW9yZW5ha2FkZW1pZS5kaGJ3LWhlaWRlbmhlaW0uZGUvaW5kZXgucGhwL3NlbWVzdGVycHJvZ3JhbW0tMjAyNS0yMDI2L3VuZC1hdXNzZXJkZW0tMjUtMjYvd2lsbGtvbW1lbi1pbS1yZWljaC1kZXItZ2VzY2hpY2h0ZW4vIiBkYXRhLXR5cGU9InBhZ2UiIGRhdGEtaWQ9IjEzMDY4Ij5XaWxsa29tbWVuIGltIFJlaWNoIGRlciBHZXNjaGljaHRlbjwvYT48L3N0cm9uZz48L3N0cm9uZz48YnI+VHJhdWRlbCBWb2x6IDxicj5EaWVuc3RhZywgYWIgMTEuIE5vdmVtYmVyIDIwMjUgMTQtdMOkZ2lnIGJpcyAwMi4gRGV6ZW1iZXIgMjAyNSwgPHN0cm9uZz5SYXVtIDxzdHJvbmc+TTIwNzwvc3Ryb25nPjwvc3Ryb25nPjxicj4xNTowMCAtIDE2OjMwIFVocmRyb3BDYXBoYXNDdXN0b21DU1NvdHRlckNvbmRpdGlvbnNpbm5lckJsb2Nrc2NsaWVudElkaXNWYWxpZG9yaWdpbmFsQ29udGVudG5hbWVhdHRyaWJ1dGVzY29udGVudDxzdHJvbmc+PGEgaHJlZj0iaHR0cHM6Ly93d3cuc2VuaW9yZW5ha2FkZW1pZS5kaGJ3LWhlaWRlbmhlaW0uZGUvaW5kZXgucGhwL3NlbWVzdGVycHJvZ3JhbW0tMjAyNS0yMDI2L3VuZC1hdXNzZXJkZW0tMjUtMjYvZ2FtaW5nLWZ1ZXItYWVsdGVyZS12ci1tYXJpby11bmQtY28vIiBkYXRhLXR5cGU9InBhZ2UiIGRhdGEtaWQ9IjEzMTU1Ij5HYW1pbmcgZsO8ciDDhGx0ZXJlOiBWUiwgTWFyaW8gdW5kIENvIDwvYT48L3N0cm9uZz48YnI+SW4gS29vcGVyYXRpb24gbWl0IGRlciBTdGFkdGJpYmxpb3RoZWsgdW5kIGRlbSBNZWRpZW56ZW50cnVtIGRlcyBMYW5rcmVpc2VzIEhlaWRlbmhlaW08YnI+RG9ubmVyc3RhZywgNS4gRmVicnVhciAyNiwgPHN0cm9uZz5Bbm1lbGR1bmcgZXJmb3JkZXJsaWNoPC9zdHJvbmc+PGJyPjEwOjAwIGJpcyAxMzowMCBVaHIsPHN0cm9uZz4gaW0gU2VtaW5hcnJhdW0gZGVyIFN0YWR0YmlibGlvdGhlazwvc3Ryb25nPmRyb3BDYXB0ZXh0Q29sb3JoYXNDdXN0b21DU1NvdHRlckNvbmRpdGlvbnNpbm5lckJsb2Nrc3N0YXRlc2F2ZWRBdHN0YXRlc2F2ZWRCeWNsaWVudElkaXNWYWxpZG5hbWVhdHRyaWJ1dGVzY29udGVudGRyb3BDYXBoYXNDdXN0b21DU1NvdHRlckNvbmRpdGlvbnNpbm5lckJsb2Nrc2RkCgo8IS0tIHdwOnBhcmFncmFwaCAtLT4KPHA+PC9wPgo8IS0tIC93cDpwYXJhZ3JhcGggLS0+BQcIBAgECAYIBRQIB6gzvwIIBwgGCA4IDggLSAEEJQkIBggHDwQKB7UBBwUMDwsIBw8ECgenAQcMDwsIBw8ECgeQBQcFCQwPCwgHDwQKB7sFBwkMDwsIBw8ECge4AgcJDA8LCAcPBAoHiAgHCQwPCwgHDwQKB5YGBwwPCwgHDwQKB7oEpAIHCQwPCwUHBQcIBwQKRwAMDwtBADYTAQQAAAEAAAABBgABAQAAXwEBAChCAQEAQQACAEEAAgBBAAIAQQACAEEAAgBBAAIAQQACAEEAAgBBAAIAAkFRAYsBAH0BdxMyMDIzLTA0LTI4VDE2OjA0OjEwdxN1bmQtYXVzc2VyZGVtLTI1LTI2dwdwdWJsaXNofQp9tjB3BmNsb3NlZHcGY2xvc2VkdwB5dwB3JGE4ZGUwMDRlLTJjMTAtNDIzZS1iYTFmLTgxOGExMWE0NWVhYnh3ugE8cCBjbGFzcz0iaGFzLXRleHQtY29sb3IgaGFzLWxpbmstY29sb3IiIHN0eWxlPSJjb2xvcjojZjIwMTAxIj48c3Ryb25nPkFsbGUgd2VpdGVyZW4gQW5nZWJvdGUgZmluZGVuIGFiIEphbnVhciBpbiBkZXIgTWFyaWVuc3RyYcOfZSBpbiBkZW4gamV3ZWlscyBhbmdlZ2ViZW5lbiBSw6R1bWVuIHN0YXR0Ljwvc3Ryb25nPjwvcD53DmNvcmUvcGFyYWdyYXBoeXYCBWNvbG9ydgEEdGV4dHcHI2YyMDEwMQhlbGVtZW50c3YBBGxpbmt2AQVjb2xvcnYBBHRleHR3ByNmMjAxMDF5dQB3JDNkZDY5OWVmLWQ3ZTMtNDI1NC04NDcyLTI4NDVjMmYzMjhkMnh3cDxwPjxzdHJvbmc+RHVyY2ggS2xpY2tlbiBhdWYgZGllIG1hcmtpZXJ0ZW4gw5xiZXJzY2hyaWZ0ZW4gZXJoYWx0ZW4gU2llIHp1c8OkdHpsaWNoZSBJbmZvcm1hdGlvbmVuLjwvc3Ryb25nPjwvcD53DmNvcmUvcGFyYWdyYXBoeXl1AHckYzI4ZTRjMWQtYmNkYS00NWFkLTgzZjQtZDEwZDZmNjkxZWQ1eHeQAzxwIGNsYXNzPSJoYXMtYmxhY2stY29sb3IgaGFzLXRleHQtY29sb3IgaGFzLWxpbmstY29sb3IiPjxzdHJvbmc+PGEgaHJlZj0iaHR0cHM6Ly93d3cuc2VuaW9yZW5ha2FkZW1pZS5kaGJ3LWhlaWRlbmhlaW0uZGUvaW5kZXgucGhwL3NlbWVzdGVycHJvZ3JhbW0tMjAyNS0yMDI2L3VuZC1hdXNzZXJkZW0tMjUtMjYvdWt1bGVsZS1rdXJzLWZ1ZXItYW5mYWVuZ2VyLyIgZGF0YS10eXBlPSJwYWdlIiBkYXRhLWlkPSIxMzA1OCI+VWt1bGVsZSBmw7xyIEFuZsOkbmdlciA8L2E+PC9zdHJvbmc+IDxicj5HZXJoaGFyZCBCZWxvd2l0emVyPGJyPk1pdHR3b2NoLCAxNS4gT2t0b2JlciAyMDI1IC0gMjUuIE3DpHJ6IDIwMjYsIDE2OjAwIC0gMTY6NDUgVWhyLCA8c3Ryb25nPlJhdW0gTTIwNzwvc3Ryb25nPjwvcD53DmNvcmUvcGFyYWdyYXBoeXYBCGVsZW1lbnRzdgEEbGlua3YBBWNvbG9ydgEEdGV4dHcWdmFyOnByZXNldHxjb2xvcnxibGFja3cFYmxhY2t5dQB3JGQ3NTk1YjY3LWNlM2UtNDFmNC04N2UwLWZmMjhhZDZjMmI5ZXh3rgM8cCBjbGFzcz0iaGFzLWJsYWNrLWNvbG9yIGhhcy10ZXh0LWNvbG9yIj48c3Ryb25nPjxhIGhyZWY9Imh0dHBzOi8vd3d3LnNlbmlvcmVuYWthZGVtaWUuZGhidy1oZWlkZW5oZWltLmRlL2luZGV4LnBocC9zZW1lc3RlcnByb2dyYW1tLTIwMjUtMjAyNi91bmQtYXVzc2VyZGVtLTI1LTI2L3Npbmdlbi1hdXMtc3Bhc3MvIiBkYXRhLXR5cGU9InBhZ2UiIGRhdGEtaWQ9IjEzMDY1Ij5TSU5HRU4gbWFjaHQgU1BBU1MgPC9hPjwvc3Ryb25nPjxicj5HZXJoaGFyZCBCZWxvd2l0emVyPGJyPkFiIE1pdHR3b2NoLCAxNS4gT2t0b2JlciAyMDI1LCB3w7ZjaGVudGxpY2ggMTc6MDAgLSAxODowMCBVaHIsIDxzdHJvbmc+UmF1bSA8c3Ryb25nPk0yMDc8L3N0cm9uZz48L3N0cm9uZz48YnI+S3Vyc2dlYsO8aHIgZsO8ciBOaWNodG1pdGdsaWVkZXIgMzAsMDDigqw8L3A+dw5jb3JlL3BhcmFncmFwaHl3BWJsYWNreXUAdyRhZmQ1YmI3Yy1iODA2LTQ3ZjctYTdmYi00MmMwYzU3MjZjOWR4d+YBPHAgY2xhc3M9Imhhcy1ibGFjay1jb2xvciBoYXMtdGV4dC1jb2xvciI+PHN0cm9uZz5MSVRFUkFUVVJLUkVJUyA8L3N0cm9uZz48YnI+RHIuIEp1dHRhIEhleW1hbm48YnI+TWl0dHdvY2gsIDA4LiBPa3RvYmVyIDIwMjUsIGRhbm4gamVkZW4gMi4gTWl0dHdvY2ggaW0gTW9uYXQ8YnI+MTU6MDAgYmlzIDE2OjE1IFVociwgPHN0cm9uZz5SYXVtIDxzdHJvbmc+TTIwNzwvc3Ryb25nPjwvc3Ryb25nPjwvcD53DmNvcmUvcGFyYWdyYXBoeXcFYmxhY2t5dQB3JDBlOTQxYjY1LTJmZmUtNGU3MC04OTBlLWNmYzUyMzc2MTc1Mnh3uwQ8cCBjbGFzcz0iaGFzLWJsYWNrLWNvbG9yIGhhcy10ZXh0LWNvbG9yIj48YSBocmVmPSJodHRwczovL3d3dy5zZW5pb3JlbmFrYWRlbWllLmRoYnctaGVpZGVuaGVpbS5kZS9pbmRleC5waHAvc2VtZXN0ZXJwcm9ncmFtbS0yMDIzLTIwMjQvdW5kLWF1c3NlcmRlbS0yMy0yNC90YW56LWRpY2gtZml0LyI+PHN0cm9uZz5UYW56IGRpY2ggZml0PC9zdHJvbmc+PC9hPjxicj5UcmktQ2hhdS1IdXU8YnI+QWIgRG9ubmVyc3RhZyAxNi4gT2t0b2JlciAyMDI1LCA8c3Ryb25nPjEuIFRlcm1pbiB6dW0gU2NobnVwcGVybjwvc3Ryb25nPiA8YnI+OTozMCBiaXMgMTE6MDAgVWhyIG1pdCBQYXVzZW4sIDxzdHJvbmc+MTQtdMOkZ2lnIDwvc3Ryb25nPmJpcyAxMi4wMy4yMDI2PHN0cm9uZz4sPC9zdHJvbmc+IEt1cnNnZWLDvGhyIDQwLDAw4oKsIChIYWxsZW5taWV0ZSk8YnI+PHN0cm9uZz5EZXIgVGFuemt1cnMgd2lyZCBpbiBLb29wZXJhdGlvbiBtaXQgZGVyIFRhbnpzcG9ydGFidGVpbHVuZyBkZXMgU1YgTWVyZ2Vsc3RldHRlbiBpbiBkZXIgWm9lcHByaXR6aGFsbGUgZHVyY2hnZWbDvGhydC48L3N0cm9uZz48L3A+dw5jb3JlL3BhcmFncmFwaHl3BWJsYWNreXUAdyQ2MzkwMTVhNS0xYjFiLTRhZjMtYmI3OS01NDE4MTZjOGRlNzZ4d54DPHA+PHN0cm9uZz48c3Ryb25nPjxhIGhyZWY9Imh0dHBzOi8vd3d3LnNlbmlvcmVuYWthZGVtaWUuZGhidy1oZWlkZW5oZWltLmRlL2luZGV4LnBocC9zZW1lc3RlcnByb2dyYW1tLTIwMjUtMjAyNi91bmQtYXVzc2VyZGVtLTI1LTI2L3dpbGxrb21tZW4taW0tcmVpY2gtZGVyLWdlc2NoaWNodGVuLyIgZGF0YS10eXBlPSJwYWdlIiBkYXRhLWlkPSIxMzA2OCI+V2lsbGtvbW1lbiBpbSBSZWljaCBkZXIgR2VzY2hpY2h0ZW48L2E+PC9zdHJvbmc+PC9zdHJvbmc+PGJyPlRyYXVkZWwgVm9seiA8YnI+RGllbnN0YWcsIGFiIDExLiBOb3ZlbWJlciAyMDI1IDE0LXTDpGdpZyBiaXMgMDIuIERlemVtYmVyIDIwMjUsIDxzdHJvbmc+UmF1bSA8c3Ryb25nPk0yMDc8L3N0cm9uZz48L3N0cm9uZz48YnI+MTU6MDAgLSAxNjozMCBVaHI8L3A+dw5jb3JlL3BhcmFncmFwaHl5dQB3JDZiMzZkZjBlLWYxZGEtNDY0Ni04MDk1LWRmZWNiY2E4MGU3M3h3jgQ8cCBjbGFzcz0iaGFzLWJsYWNrLWNvbG9yIGhhcy10ZXh0LWNvbG9yIj48c3Ryb25nPjxhIGhyZWY9Imh0dHBzOi8vd3d3LnNlbmlvcmVuYWthZGVtaWUuZGhidy1oZWlkZW5oZWltLmRlL2luZGV4LnBocC9zZW1lc3RlcnByb2dyYW1tLTIwMjUtMjAyNi91bmQtYXVzc2VyZGVtLTI1LTI2L2dhbWluZy1mdWVyLWFlbHRlcmUtdnItbWFyaW8tdW5kLWNvLyIgZGF0YS10eXBlPSJwYWdlIiBkYXRhLWlkPSIxMzE1NSI+R2FtaW5nIGbDvHIgw4RsdGVyZTogVlIsIE1hcmlvIHVuZCBDbyA8L2E+PC9zdHJvbmc+PGJyPkluIEtvb3BlcmF0aW9uIG1pdCBkZXIgU3RhZHRiaWJsaW90aGVrIHVuZCBkZW0gTWVkaWVuemVudHJ1bSBkZXMgTGFua3JlaXNlcyBIZWlkZW5oZWltPGJyPkRvbm5lcnN0YWcsIDUuIEZlYnJ1YXIgMjYsIDxzdHJvbmc+QW5tZWxkdW5nIGVyZm9yZGVybGljaDwvc3Ryb25nPjxicj4xMDowMCBiaXMgMTM6MDAgVWhyLDxzdHJvbmc+IGltIFNlbWluYXJyYXVtIGRlciBTdGFkdGJpYmxpb3RoZWs8L3N0cm9uZz48L3A+dw5jb3JlL3BhcmFncmFwaHl3BWJsYWNreXUAe0J54WUR9qAAfZOLj5wNdyQ3ZjE2YjQwYi0yYzlkLTQyYzEtYmIxZS1jNmEwMzc4YzhkMzh4dw5jb3JlL3BhcmFncmFwaHl5dQB3JDlmZmVlYzA4LTQ5MjYtNDZkZi04ZDRlLWI0ZjNmZDc5ZjhiMAHTxYfOBgGcLAA=\",\"updateId\":265418310}","_themeisle_gutenberg_block_has_review":false,"footnotes":""},"class_list":["post-10758","page","type-page","status-publish","has-post-thumbnail","hentry","gallery-content-unit"],"_links":{"self":[{"href":"https:\/\/www.seniorenakademie.dhbw-heidenheim.de\/index.php\/wp-json\/wp\/v2\/pages\/10758","targetHints":{"allow":["GET"]}}],"collection":[{"href":"https:\/\/www.seniorenakademie.dhbw-heidenheim.de\/index.php\/wp-json\/wp\/v2\/pages"}],"about":[{"href":"https:\/\/www.seniorenakademie.dhbw-heidenheim.de\/index.php\/wp-json\/wp\/v2\/types\/page"}],"author":[{"embeddable":true,"href":"https:\/\/www.seniorenakademie.dhbw-heidenheim.de\/index.php\/wp-json\/wp\/v2\/users\/10"}],"replies":[{"embeddable":true,"href":"https:\/\/www.seniorenakademie.dhbw-heidenheim.de\/index.php\/wp-json\/wp\/v2\/comments?post=10758"}],"version-history":[{"count":63,"href":"https:\/\/www.seniorenakademie.dhbw-heidenheim.de\/index.php\/wp-json\/wp\/v2\/pages\/10758\/revisions"}],"predecessor-version":[{"id":14232,"href":"https:\/\/www.seniorenakademie.dhbw-heidenheim.de\/index.php\/wp-json\/wp\/v2\/pages\/10758\/revisions\/14232"}],"up":[{"embeddable":true,"href":"https:\/\/www.seniorenakademie.dhbw-heidenheim.de\/index.php\/wp-json\/wp\/v2\/pages\/10633"}],"wp:featuredmedia":[{"embeddable":true,"href":"https:\/\/www.seniorenakademie.dhbw-heidenheim.de\/index.php\/wp-json\/wp\/v2\/media\/3126"}],"wp:attachment":[{"href":"https:\/\/www.seniorenakademie.dhbw-heidenheim.de\/index.php\/wp-json\/wp\/v2\/media?parent=10758"}],"curies":[{"name":"wp","href":"https:\/\/api.w.org\/{rel}","templated":true}]}}